38 = y. What is the units digit of j?
1
Let z(g) = g**3 + 42*g**2 - 531*g - 59. What is the hundreds digit of z(-45)?
7
Let r = -28447 - -47711. What is the thousands digit of r?
9
Let m(y) be the first derivative of -y**2/2 - 24. Let j(g) = -15*g - 27. Let h(q) = j(q) - 6*m(q). What is the tens digit of h(-9)?
5
Suppose -128*o + 297*o = 8331024. What is the tens digit of o?
9
Suppose -240*d + 1 = -239*d, 3*s - d = 153326. What is the tens digit of s?
0
Let k(l) = -9*l**3 - 4*l**2 + 26*l + 232. What is the tens digit of k(-12)?
9
What is the hundreds digit of ((-410)/25*-10)/(8/52)?
0
Let l(f) be the third derivative of -f**4/12 + 35*f**3/6 - 1089*f**2. Let y be 17/2 - 1/(-2). What is the tens digit of l(y)?
1
Suppose 5*y - 3*x + 20 = -0, -2*x - 20 = 5*y. Let o be 12/(-15) + (12288/(-15))/y. Suppose -5*m = -7*m + o. What is the tens digit of m?
0
Suppose 455264 - 206036 = 37*x - 174163. What is the hundreds digit of x?
4
Suppose 3*q - 24 = -2*q + u, q - 3*u - 16 = 0. Suppose -4*t + 5*w + 262 = 0, 4*t - 68 - 192 = q*w. Let d = 96 - t. What is the units digit of d?
3
Suppose 13*n = 549970 - 265253 + 342078. What is the tens digit of n?
1
Suppose 125 - 20 = -3*b. What is the tens digit of ((10899/b)/(-9))/((-2)/(-10))?
7
Let r = 72859 - -16307. What is the ten thousands digit of r?
8
Suppose -2*d - 3*d = 4*v - 343, d = -3*v + 62. Let z = 365 + d. What is the tens digit of z?
3
Suppose 30*t = 32*t - 8. Suppose t*n - 2982 = -758. What is the units digit of n?
6
Let n(u) = 3*u**2 + 2*u - 4. Let d be n(-4). Let p = -29 + d. Suppose -p*c = -3*c - 188. What is the tens digit of c?
4
Let l(c) = -c**3 + 104*c**2 - 89*c + 538. What is the hundreds digit of l(103)?
9
Let h(f) = 2*f**2 + 2*f - 29. Let n be h(-7). Let l(o) = 7*o**2. Let y be l(-2). Let b = n - y. What is the tens digit of b?
2
Suppose -3*l = -2*w + 63, 0*l + 4*w + 64 = -4*l. Let b(i) = i**2 + 20*i + 19. Let z be b(l). Let c(u) = -u**2 - 3*u + 118. What is the units digit of c(z)?
8
Let n = 111 - 104. Let u(r) = -2*r + 17. Let l be u(n). Suppose 2*s - 801 = -4*y - s, s = -l*y + 607. What is the hundreds digit of y?
2
Let s be (-4)/(24/(-510)) + -2. What is the hundreds digit of 3*(-56)/(-21)*s?
6
Suppose 0 = -2*o + 4*o + 8, c - 2*o - 255 = 0. Let q = 517 - c. What is the hundreds digit of q?
2
Let c(m) = 3*m**2 - 3*m - 33. What is the tens digit of c(14)?
1
Let g be 52/(-6)*21/14*-1. Let v = g + 39. Suppose -32 = -3*u + v. What is the units digit of u?
8
Suppose -5*y + 12*y - 2772 = 0. Suppose -4*p = -4*n + y, -n + 87 = 3*p - 8*p. What is the tens digit of n?
0
What is the hundreds digit of (-14)/(-28) - (-308349)/18?
1
Let i be 2/8 - 8395/92. Let f = -86 - i. Suppose 3*g - 244 = -0*k - k, f*g = 3*k + 430. What is the units digit of g?
3
Suppose 218 = -8*a + 2210. Suppose 0 = 3*k - 0*k - a. Let i = -15 + k. What is the units digit of i?
8
Suppose 67*x - 60*x - 40432 = 0. What is the tens digit of x?
7
Let a(u) = 181*u + 3560. What is the thousands digit of a(29)?
8
Let f = -244 - -16471. What is the units digit of f?
7
Suppose 155 - 3 = 4*d - 2*n, 3*d - 2*n - 112 = 0. What is the hundreds digit of 6750/d + 1/4?
1
Let k = -19 + 17. Let z be (26 - 20)/((-3)/k). Suppose 3*n = -4*d + 53, 4*d = -n - z*n + 75. What is the tens digit of n?
1
Suppose -y = -5*b + y + 625, -5*y - 25 = 0. Let w = b - 78. Let z = w + 56. What is the tens digit of z?
0
Let l = -250 + 238. Let j(w) = w**3 + 20*w**2 + 29*w + 43. What is the hundreds digit of j(l)?
8
Suppose -5*i - p + 231041 = 0, -2*i + 8*p = 3*p - 92438. What is the ten thousands digit of i?
4
Suppose -2*u - 4*s = -s - 33, 2*s - 54 = -4*u. Let d(z) = 4*z**2 + 27*z - 99. What is the tens digit of d(u)?
0
Let w = 8 - -4. Suppose w*u - 4602 - 2046 = 0. What is the hundreds digit of u?
5
Suppose -3*w + 32771 = 5*g, -48*g - 5*w = -44*g - 26222. What is the units digit of g?
3
Let y = -676 - -2894. Suppose c - 4*c + 4*q + 2221 = 0, 0 = 3*c - q - y. What is the units digit of c?
9
Let p(h) = -h**2 - 14*h + 209. Let z be p(-23). Suppose -2*s = -2, z*s = 2*r - 1753 + 361. What is the hundreds digit of r?
6
Let j = -5624 + 3788. Let w = j + 2739. What is the tens digit of w?
0
Let x be (-13 - -9)*(-462)/2. Suppose -z - 2 = -x. What is the units digit of z?
2
Suppose -20057 = -2*g + h, -2*g + 2*h + 9770 = -10280. What is the units digit of g?
2
Suppose 4*z - 2728 = 4*j, -3*j - 1207 = 5*z - 4577. What is the units digit of z + 1 - (-13 + (-9)/(-1))?
2
Suppose -2*q - 8 = -2. Let i be (-1 - (-5)/q)*6/(-4). Suppose i*j + 410 = 5*k, 2*k + 369 = 6*k + 5*j. What is the tens digit of k?
8
Let s be (4/(-22))/(42/22 + -2). Suppose -43 = -3*w + 179. Suppose -s*d = 3*y - w, -5*d + 5*y + 264 = 29. What is the units digit of d?
3
Suppose -104*w - 188858 = -1544186. What is the ten thousands digit of w?
1
Suppose -376357 + 3317687 = 70*y. What is the thousands digit of y?
2
Let b(j) = -j**2 + 2*j + 11. Let w be b(-6). Let f = w + 407. Let u = 562 - f. What is the hundreds digit of u?
1
Let o be ((-30)/(-5))/(1*(-4)/(-10)). What is the units digit of 1640 + (-6 - 0) + o?
9
What is the thousands digit of 229/((-10)/40 - 60/(-208))?
5
Let v(f) = -36*f + 77. Let y(m) = -37*m + 75. Let w(k) = -6*v(k) + 7*y(k). What is the hundreds digit of w(-13)?
6
Suppose 1635*b - 7922772 = 1464*b. What is the hundreds digit of b?
3
Let z(t) be the first derivative of -t**3/3 - 9*t**2/2 + 7*t - 11. Let v be ((7 + 2)*-1)/1. What is the units digit of z(v)?
7
Let i be 0/((-16)/(1 - 5)). Let p be (i/1)/((-44)/11). Let d(b) = b**2 - 3*b + 59. What is the units digit of d(p)?
9
Let a(y) = -2*y - 24. Let v be a(-13). Suppose -4*r = -4, v*t - 87 - 191 = 2*r. What is the tens digit of t?
4
Let w = 43087 - 4922. What is the tens digit of w?
6
Let a(t) = -2*t**3 + 2*t - 2. Suppose 6*j - 3 = 3. Let d be a(j). What is the tens digit of (32 - -1)/(d/(-6))?
9
Let j = 4834 + -2785. What is the tens digit of j?
4
Suppose 52*l - 45*l = 42. What is the tens digit of 17910/50 + (96/20)/l?
5
Suppose 3*q + 1485 = -2*c, c + 7*q - 3*q + 755 = 0. Let x = c - -1605. What is the hundreds digit of x?
8
Let i(s) = 2*s**3 + 70*s**2 + 4*s + 500. What is the tens digit of i(-34)?
7
Let g(t) = t**3 + t**2 + 6*t + 1. Let f(z) = 2*z**3 + 2*z**2 + 6*z + 2. Let u(y) = -4*f(y) + 5*g(y). What is the units digit of u(-6)?
1
Let k(l) = -356*l - 28. Let v be k(-5). Suppose -2*j = 4*p - v, p + 3*j - 48 - 380 = 0. What is the units digit of p?
0
Suppose 3*s + 3*n + 4017 + 780 = 0, 3*n - 6396 = 4*s. Let a = 2416 + s. What is the tens digit of a?
1
Let p = 3189 + 1716. What is the thousands digit of p?
4
Suppose 4*a - 250 + 2714 = o, 2*o = -4*a + 4940. What is the tens digit of o?
6
Let o = 1 + 3. Let h = -23 - -29. Suppose -4*b + o*q = -152, h = q + q. What is the units digit of b?
1
Suppose 2*r + 90 = 3*s + 7370, 0 = 4*r - 2*s - 14544. What is the units digit of r?
4
What is the tens digit of (210900/(-1330))/(3/(-98))?
8
Suppose -21*k = 6*k - 117477. What is the units digit of k?
1
What is the units digit of (-2 + -266)/(7 + (-3164)/315 + 3)?
0
Let x(p) = -18*p**2 + p + 8. Let t(b) = b**2 - 22*b - 27. Let j be t(23). Let g be x(j). Let w = -88 - g. What is the units digit of w?
6
Let f = -50302 - -71761. What is the hundreds digit of f?
4
Let q(p) = -p + 16. Let r be q(7). Let d(w) = 39*w + 22. Let u be d(-1). What is the tens digit of 1 - u - r/((-63)/(-14))?
1
Let p(d) = d**3 + 39*d**2 - 42*d - 72. Let o be p(-40). Suppose 799 + 137 = o*c. What is the hundreds digit of c?
1
Let a(v) = -v**3 - 3*v**2 + v - 1. Let g be a(-4). Suppose 0 = -g*n + 8*n. Suppose -3*s - 137 = -5*c + 168, 3*c - s - 187 = n. What is the units digit of c?
4
Let j(l) = 22*l - 528. Let y be j(25). Let b = 0 - 12. Let z = y - b. What is the tens digit of z?
3
Let z(b) = -b + 29. Suppose -5*a + 5*w + 0*w + 10 = 0, -2*a + 19 = -5*w. Let i(t) = 3*t**2 + 8*t + 2. Let g be i(a). What is the tens digit of z(g)?
2
Let c be (-4)/16*2*98*-1. Let k = 54 - c. Suppose -2*b - 342 = -5*j, j - 4*j = -k*b - 190. What is the units digit of j?
0
Let s(o) = 3*o**3 - 27*o**2 + 6. Suppose -4*w = 5*a - 9*w - 40, 48 = 5*a + 3*w. Let y be s(a). Suppose 0*v = y*v - 1896. What is the tens digit of v?
1
Suppose -7*q + 3920 = 13*q. Suppose -27*a + q = -23*a. What is the units digit of a?
9
Wha